{"id":284,"date":"2018-12-04T19:48:02","date_gmt":"2018-12-04T18:48:02","guid":{"rendered":"http:\/\/krotka.eu\/?page_id=284"},"modified":"2019-04-02T11:52:22","modified_gmt":"2019-04-02T09:52:22","slug":"trenerzy","status":"publish","type":"page","link":"https:\/\/krotka.eu\/?page_id=284","title":{"rendered":"Trenerzy"},"content":{"rendered":"\n<div class=\"wp-block-media-text alignwide\" style=\"grid-template-columns:22% auto\"><figure class=\"wp-block-media-text__media\"><img loading=\"lazy\" width=\"354\" height=\"522\" src=\"http:\/\/krotka.eu\/wp-content\/uploads\/2019\/03\/524066_520291731372647_1053185363_n.jpg\" alt=\"\" class=\"wp-image-993\" srcset=\"https:\/\/krotka.eu\/wp-content\/uploads\/2019\/03\/524066_520291731372647_1053185363_n.jpg 354w, https:\/\/krotka.eu\/wp-content\/uploads\/2019\/03\/524066_520291731372647_1053185363_n-203x300.jpg 203w\" sizes=\"(max-width: 354px) 100vw, 354px\" \/><\/figure><div class=\"wp-block-media-text__content\">\n<h4><strong>Bogumi\u0142a Kott&nbsp;&#8211;&nbsp;I trener zespo\u0142u minisiatk\u00f3wki dziewcz\u0105t <\/strong>&nbsp;&nbsp;<\/h4>\n\n\n\n<p>Swoj\u0105 przygod\u0119 z siatk\u00f3wk\u0105 rozpocz\u0119\u0142a w wieku 13 lat czyli o wiele p\u00f3\u017aniej ni\u017c niejedna jej podopieczna.<br>Wychowanka trenera Teofila Czerwi\u0144skiego, kt\u00f3ry wyszkoli\u0142 takie gwiazdy polskiej siatk\u00f3wki jak Ma\u0142gorzata Glinka czy Katarzyna &nbsp;Skowro\u0144ska.<br>Wyst\u0119powa\u0142a w klubach RKS SKRA Warszawa oraz Politechniki Warszawskiej.<br>Z\u0142ota medalistka Wojew\u00f3dzkiej Spartakiady M\u0142odzie\u017cy, uczestniczka p\u00f3\u0142fina\u0142\u00f3w Mistrzostw Polski Juniorek oraz XVI Mistrzostw &nbsp;Szk\u00f3\u0142 Wy\u017cszych (III miejsce). W barwach RKS SKRA Warszawa wywalczy\u0142a awans do II ligi.<\/p>\n\n\n\n<p>e-mail: <a href=\"b.kott@krotka.eu\">b.kott@krotka.eu<\/a><\/p>\n<\/div><\/div>\n\n\n\n<hr class=\"wp-block-separator\"\/>\n\n\n\n<div class=\"wp-block-media-text alignwide\" style=\"grid-template-columns:22% auto\"><figure class=\"wp-block-media-text__media\"><img loading=\"lazy\" width=\"124\" height=\"179\" src=\"http:\/\/krotka.eu\/wp-content\/uploads\/2019\/03\/TSZ.jpg\" alt=\"\" class=\"wp-image-994\"\/><\/figure><div class=\"wp-block-media-text__content\">\n<h4><strong>Tadeusz Maciej Szeligowski<\/strong>&nbsp;<\/h4>\n\n\n\n<p>Absolwent Akademii Wychowania Fizycznego im. J\u00f3zefa Pi\u0142sudskiego w Warszawie z tytu\u0142em magistra. Specjalizacja trenerska w p\u0142ywaniu.<br>Uko\u0144czy\u0142 kurs instruktora siatk\u00f3wki i podyplomowe studia trenerskie pi\u0142ki siatkowej w Akademii Wychowania Fizycznego w Bia\u0142ej Podlaskiej.<br>Pedagog. Wieloletni nauczyciel wychowania fizycznego.Prowadzi\u0142 klasy sportowe m\u0142odzik\u00f3w w ramach wsp\u00f3\u0142pracy z CWKS Legia Warszawa. Podopieczni zdobyli z\u0142oty, srebrny i dwa br\u0105zowe modele na Warszawskiej Olimpiadzie M\u0142odzie\u017cy.<br>Jako trener pracowa\u0142 w klubach:<br>STAL FSO &#8211; Juniorki, KS Polonez Warszawa &#8211; M\u0142odziczki, AZS AWF Warszawa &#8211; Juniorki &#8211; srebrny medal, SKRA Warszawa &#8211; M\u0142odziczki &#8211; z\u0142oty medal, UMKS MOS Warszawa Wola &#8211; M\u0142odziczki, Kadra Woj. Mazowieckiego\/Nadzieje Olimpijskie &#8211; drugi trener, UKS Esperanto &#8211; Minisiatk\u00f3wka, Kinder+Sport<\/p>\n<\/div><\/div>\n\n\n\n<hr class=\"wp-block-separator\"\/>\n\n\n\n<div class=\"wp-block-media-text alignwide\" style=\"grid-template-columns:22% auto\"><figure class=\"wp-block-media-text__media\"><img loading=\"lazy\" width=\"530\" height=\"530\" src=\"http:\/\/krotka.eu\/wp-content\/uploads\/2019\/03\/user_191145_747422_huge.jpg\" alt=\"\" class=\"wp-image-995\" srcset=\"https:\/\/krotka.eu\/wp-content\/uploads\/2019\/03\/user_191145_747422_huge.jpg 530w, https:\/\/krotka.eu\/wp-content\/uploads\/2019\/03\/user_191145_747422_huge-150x150.jpg 150w, https:\/\/krotka.eu\/wp-content\/uploads\/2019\/03\/user_191145_747422_huge-300x300.jpg 300w, https:\/\/krotka.eu\/wp-content\/uploads\/2019\/03\/user_191145_747422_huge-75x75.jpg 75w\" sizes=\"(max-width: 530px) 100vw, 530px\" \/><\/figure><div class=\"wp-block-media-text__content\">\n<h4><strong>Michalina Tokarska<\/strong><\/h4>\n\n\n\n<p><br>Pedagog, nauczyciel Wychowania Fizycznego\u00a0<br>Trener klasy II pi\u0142ki siatkowej<br>Instruktor pi\u0142ki koszykowej i fitness<br>Jako trener siatk\u00f3wki pracowa\u0142a w Akademii Arkadiusza Go\u0142asia w Ostro\u0142\u0119ce 2007-2009<br>Od 2009 r. trener wspomagaj\u0105cy MUKS Kr\u00f3tka Mysiad\u0142o<br>W sezonie 2013\/2014 I trener dru\u017cyny seniorek<br>Osi\u0105gni\u0119cia sportowe i kariera zawodnicza:<br>9 miejsce w Mistrzostwach Polski w siatk\u00f3wce pla\u017cowej 2014<br>AZS AWF Warszawa &#8211; II liga<br>LSW Warszawa &#8211; II liga<br>MUKS Kr\u00f3tka Mysiad\u0142o &#8211; II liga<br>Mazovia Warszawa II liga<\/p>\n\n\n\n<p>email: <a href=\"m.tokarska@krotka.eu\">m.tokarska@krotka.eu<\/a><\/p>\n<\/div><\/div>\n\n\n\n<p><\/p>\n","protected":false},"excerpt":{"rendered":"<p>Bogumi\u0142a Kott&nbsp;&#8211;&nbsp;I trener zespo\u0142u minisiatk\u00f3wki dziewcz\u0105t &nbsp;&nbsp; Swoj\u0105 przygod\u0119 z siatk\u00f3wk\u0105 rozpocz\u0119\u0142a w wieku 13 lat czyli o wiele p\u00f3\u017aniej ni\u017c niejedna jej podopieczna.Wychowanka trenera Teofila Czerwi\u0144skiego, kt\u00f3ry wyszkoli\u0142 takie gwiazdy polskiej siatk\u00f3wki jak Ma\u0142gorzata Glinka czy Katarzyna &nbsp;Skowro\u0144ska.Wyst\u0119powa\u0142a w klubach RKS SKRA Warszawa oraz Politechniki Warszawskiej.Z\u0142ota medalistka Wojew\u00f3dzkiej Spartakiady M\u0142odzie\u017cy, uczestniczka p\u00f3\u0142fina\u0142\u00f3w Mistrzostw Polski Juniorek oraz XVI Mistrzostw &nbsp;Szk\u00f3\u0142 Wy\u017cszych (III miejsce). W barwach RKS SKRA Warszawa wywalczy\u0142a awans do II ligi. e-mail: b.kott@krotka.eu Tadeusz Maciej Szeligowski&nbsp; Absolwent Akademii Wychowania Fizycznego im. J\u00f3zefa Pi\u0142sudskiego w Warszawie z tytu\u0142em magistra. Specjalizacja trenerska w p\u0142ywaniu.Uko\u0144czy\u0142 kurs instruktora siatk\u00f3wki i podyplomowe studia trenerskie pi\u0142ki siatkowej w Akademii Wychowania Fizycznego w Bia\u0142ej Podlaskiej.Pedagog. Wieloletni nauczyciel wychowania fizycznego.Prowadzi\u0142 klasy sportowe m\u0142odzik\u00f3w w ramach wsp\u00f3\u0142pracy z CWKS Legia Warszawa. Podopieczni zdobyli z\u0142oty, srebrny i dwa br\u0105zowe modele na Warszawskiej Olimpiadzie M\u0142odzie\u017cy.Jako trener pracowa\u0142 w klubach:STAL FSO &#8211; Juniorki, KS Polonez Warszawa &#8211; M\u0142odziczki, AZS AWF Warszawa &#8211; Juniorki &#8211; srebrny medal, SKRA Warszawa &#8211; M\u0142odziczki &#8211; z\u0142oty medal, UMKS MOS Warszawa Wola &#8211; M\u0142odziczki, Kadra Woj. Mazowieckiego\/Nadzieje Olimpijskie &#8211; drugi trener, UKS Esperanto &#8211; Minisiatk\u00f3wka, Kinder+Sport Michalina Tokarska Pedagog, nauczyciel Wychowania Fizycznego\u00a0Trener klasy II pi\u0142ki siatkowejInstruktor pi\u0142ki koszykowej i fitnessJako trener siatk\u00f3wki pracowa\u0142a w Akademii Arkadiusza Go\u0142asia w Ostro\u0142\u0119ce 2007-2009Od 2009 r. trener wspomagaj\u0105cy MUKS Kr\u00f3tka Mysiad\u0142oW sezonie 2013\/2014 I trener dru\u017cyny seniorekOsi\u0105gni\u0119cia sportowe i kariera zawodnicza:9 miejsce w Mistrzostwach Polski w siatk\u00f3wce pla\u017cowej 2014AZS AWF Warszawa &#8211; II ligaLSW Warszawa &#8211; II ligaMUKS Kr\u00f3tka Mysiad\u0142o &#8211; II ligaMazovia Warszawa II liga email: m.tokarska@krotka.eu<\/p>\n","protected":false},"author":1,"featured_media":0,"parent":0,"menu_order":0,"comment_status":"closed","ping_status":"closed","template":"","meta":[],"_links":{"self":[{"href":"https:\/\/krotka.eu\/index.php?rest_route=\/wp\/v2\/pages\/284"}],"collection":[{"href":"https:\/\/krotka.eu\/index.php?rest_route=\/wp\/v2\/pages"}],"about":[{"href":"https:\/\/krotka.eu\/index.php?rest_route=\/wp\/v2\/types\/page"}],"author":[{"embeddable":true,"href":"https:\/\/krotka.eu\/index.php?rest_route=\/wp\/v2\/users\/1"}],"replies":[{"embeddable":true,"href":"https:\/\/krotka.eu\/index.php?rest_route=%2Fwp%2Fv2%2Fcomments&post=284"}],"version-history":[{"count":16,"href":"https:\/\/krotka.eu\/index.php?rest_route=\/wp\/v2\/pages\/284\/revisions"}],"predecessor-version":[{"id":3642,"href":"https:\/\/krotka.eu\/index.php?rest_route=\/wp\/v2\/pages\/284\/revisions\/3642"}],"wp:attachment":[{"href":"https:\/\/krotka.eu\/index.php?rest_route=%2Fwp%2Fv2%2Fmedia&parent=284"}],"curies":[{"name":"wp","href":"https:\/\/api.w.org\/{rel}","templated":true}]}}

<div class="wp-block-media-text alignwide" style="grid-template-columns:22% auto"><figure class="wp-block-media-text__media"><img loading="lazy" width="354" height="522" src="http://krotka.eu/wp-content/uploads/2019/03/524066_520291731372647_1053185363_n.jpg" alt="" class="wp-image-993" srcset="https://krotka.eu/wp-content/uploads/2019/03/524066_520291731372647_1053185363_n.jpg 354w, https://krotka.eu/wp-content/uploads/2019/03/524066_520291731372647_1053185363_n-203x300.jpg 203w" sizes="(max-width: 354px) 100vw, 354px" /></figure><div class="wp-block-media-text__content">
<h4><strong>Bogumiła Kott&nbsp;&#8211;&nbsp;I trener zespołu minisiatkówki dziewcząt </strong>&nbsp;&nbsp;</h4>



<p>Swoją przygodę z siatkówką rozpoczęła w wieku 13 lat czyli o wiele później niż niejedna jej podopieczna.<br>Wychowanka trenera Teofila Czerwińskiego, który wyszkolił takie gwiazdy polskiej siatkówki jak Małgorzata Glinka czy Katarzyna &nbsp;Skowrońska.<br>Występowała w klubach RKS SKRA Warszawa oraz Politechniki Warszawskiej.<br>Złota medalistka Wojewódzkiej Spartakiady Młodzieży, uczestniczka półfinałów Mistrzostw Polski Juniorek oraz XVI Mistrzostw &nbsp;Szkół Wyższych (III miejsce). W barwach RKS SKRA Warszawa wywalczyła awans do II ligi.</p>



<p>e-mail: <a href="b.kott@krotka.eu">b.kott@krotka.eu</a></p>
</div></div>



<hr class="wp-block-separator"/>



<div class="wp-block-media-text alignwide" style="grid-template-columns:22% auto"><figure class="wp-block-media-text__media"><img loading="lazy" width="124" height="179" src="http://krotka.eu/wp-content/uploads/2019/03/TSZ.jpg" alt="" class="wp-image-994"/></figure><div class="wp-block-media-text__content">
<h4><strong>Tadeusz Maciej Szeligowski</strong>&nbsp;</h4>



<p>Absolwent Akademii Wychowania Fizycznego im. Józefa Piłsudskiego w Warszawie z tytułem magistra. Specjalizacja trenerska w pływaniu.<br>Ukończył kurs instruktora siatkówki i podyplomowe studia trenerskie piłki siatkowej w Akademii Wychowania Fizycznego w Białej Podlaskiej.<br>Pedagog. Wieloletni nauczyciel wychowania fizycznego.Prowadził klasy sportowe młodzików w ramach współpracy z CWKS Legia Warszawa. Podopieczni zdobyli złoty, srebrny i dwa brązowe modele na Warszawskiej Olimpiadzie Młodzieży.<br>Jako trener pracował w klubach:<br>STAL FSO &#8211; Juniorki, KS Polonez Warszawa &#8211; Młodziczki, AZS AWF Warszawa &#8211; Juniorki &#8211; srebrny medal, SKRA Warszawa &#8211; Młodziczki &#8211; złoty medal, UMKS MOS Warszawa Wola &#8211; Młodziczki, Kadra Woj. Mazowieckiego/Nadzieje Olimpijskie &#8211; drugi trener, UKS Esperanto &#8211; Minisiatkówka, Kinder+Sport</p>
</div></div>



<hr class="wp-block-separator"/>



<div class="wp-block-media-text alignwide" style="grid-template-columns:22% auto"><figure class="wp-block-media-text__media"><img loading="lazy" width="530" height="530" src="http://krotka.eu/wp-content/uploads/2019/03/user_191145_747422_huge.jpg" alt="" class="wp-image-995" srcset="https://krotka.eu/wp-content/uploads/2019/03/user_191145_747422_huge.jpg 530w, https://krotka.eu/wp-content/uploads/2019/03/user_191145_747422_huge-150x150.jpg 150w, https://krotka.eu/wp-content/uploads/2019/03/user_191145_747422_huge-300x300.jpg 300w, https://krotka.eu/wp-content/uploads/2019/03/user_191145_747422_huge-75x75.jpg 75w" sizes="(max-width: 530px) 100vw, 530px" /></figure><div class="wp-block-media-text__content">
<h4><strong>Michalina Tokarska</strong></h4>



<p><br>Pedagog, nauczyciel Wychowania Fizycznego <br>Trener klasy II piłki siatkowej<br>Instruktor piłki koszykowej i fitness<br>Jako trener siatkówki pracowała w Akademii Arkadiusza Gołasia w Ostrołęce 2007-2009<br>Od 2009 r. trener wspomagający MUKS Krótka Mysiadło<br>W sezonie 2013/2014 I trener drużyny seniorek<br>Osiągnięcia sportowe i kariera zawodnicza:<br>9 miejsce w Mistrzostwach Polski w siatkówce plażowej 2014<br>AZS AWF Warszawa &#8211; II liga<br>LSW Warszawa &#8211; II liga<br>MUKS Krótka Mysiadło &#8211; II liga<br>Mazovia Warszawa II liga</p>



<p>email: <a href="m.tokarska@krotka.eu">m.tokarska@krotka.eu</a></p>
</div></div>



<p></p>

<p>Bogumiła Kott&nbsp;&#8211;&nbsp;I trener zespołu minisiatkówki dziewcząt &nbsp;&nbsp; Swoją przygodę z siatkówką rozpoczęła w wieku 13 lat czyli o wiele później niż niejedna jej podopieczna.Wychowanka trenera Teofila Czerwińskiego, który wyszkolił takie gwiazdy polskiej siatkówki jak Małgorzata Glinka czy Katarzyna &nbsp;Skowrońska.Występowała w klubach RKS SKRA Warszawa oraz Politechniki Warszawskiej.Złota medalistka Wojewódzkiej Spartakiady Młodzieży, uczestniczka półfinałów Mistrzostw Polski Juniorek oraz XVI Mistrzostw &nbsp;Szkół Wyższych (III miejsce). W barwach RKS SKRA Warszawa wywalczyła awans do II ligi. e-mail: b.kott@krotka.eu Tadeusz Maciej Szeligowski&nbsp; Absolwent Akademii Wychowania Fizycznego im. Józefa Piłsudskiego w Warszawie z tytułem magistra. Specjalizacja trenerska w pływaniu.Ukończył kurs instruktora siatkówki i podyplomowe studia trenerskie piłki siatkowej w Akademii Wychowania Fizycznego w Białej Podlaskiej.Pedagog. Wieloletni nauczyciel wychowania fizycznego.Prowadził klasy sportowe młodzików w ramach współpracy z CWKS Legia Warszawa. Podopieczni zdobyli złoty, srebrny i dwa brązowe modele na Warszawskiej Olimpiadzie Młodzieży.Jako trener pracował w klubach:STAL FSO &#8211; Juniorki, KS Polonez Warszawa &#8211; Młodziczki, AZS AWF Warszawa &#8211; Juniorki &#8211; srebrny medal, SKRA Warszawa &#8211; Młodziczki &#8211; złoty medal, UMKS MOS Warszawa Wola &#8211; Młodziczki, Kadra Woj. Mazowieckiego/Nadzieje Olimpijskie &#8211; drugi trener, UKS Esperanto &#8211; Minisiatkówka, Kinder+Sport Michalina Tokarska Pedagog, nauczyciel Wychowania Fizycznego Trener klasy II piłki siatkowejInstruktor piłki koszykowej i fitnessJako trener siatkówki pracowała w Akademii Arkadiusza Gołasia w Ostrołęce 2007-2009Od 2009 r. trener wspomagający MUKS Krótka MysiadłoW sezonie 2013/2014 I trener drużyny seniorekOsiągnięcia sportowe i kariera zawodnicza:9 miejsce w Mistrzostwach Polski w siatkówce plażowej 2014AZS AWF Warszawa &#8211; II ligaLSW Warszawa &#8211; II ligaMUKS Krótka Mysiadło &#8211; II ligaMazovia Warszawa II liga email: m.tokarska@krotka.eu</p>
