{"id":167,"date":"2018-12-03T20:31:05","date_gmt":"2018-12-03T19:31:05","guid":{"rendered":"http:\/\/10.0.4.6\/?page_id=167"},"modified":"2019-12-15T17:52:05","modified_gmt":"2019-12-15T16:52:05","slug":"galeria-2","status":"publish","type":"page","link":"https:\/\/krotka.eu\/?page_id=167","title":{"rendered":"Galeria"},"content":{"rendered":"\n<div class=\"wp-block-image\"><figure class=\"aligncenter is-resized\"><a href=\"http:\/\/krotka.eu\/?page_id=3384\"><img loading=\"lazy\" src=\"http:\/\/krotka.eu\/wp-content\/uploads\/2019\/11\/DSC_0706-1024x683.jpeg\" alt=\"\" class=\"wp-image-3333\" width=\"1024\" height=\"683\" srcset=\"https:\/\/krotka.eu\/wp-content\/uploads\/2019\/11\/DSC_0706-1024x683.jpeg 1024w, https:\/\/krotka.eu\/wp-content\/uploads\/2019\/11\/DSC_0706-300x200.jpeg 300w, https:\/\/krotka.eu\/wp-content\/uploads\/2019\/11\/DSC_0706-768x512.jpeg 768w, https:\/\/krotka.eu\/wp-content\/uploads\/2019\/11\/DSC_0706-391x260.jpeg 391w, https:\/\/krotka.eu\/wp-content\/uploads\/2019\/11\/DSC_0706-1140x761.jpeg 1140w, https:\/\/krotka.eu\/wp-content\/uploads\/2019\/11\/DSC_0706.jpeg 1920w\" sizes=\"(max-width: 1024px) 100vw, 1024px\" \/><\/a><figcaption><strong>Kadetki 2019 &#8211; Liga II A<\/strong><\/figcaption><\/figure><\/div>\n\n\n\n<div class=\"wp-block-image\"><figure class=\"aligncenter is-resized\"><a href=\"http:\/\/krotka.eu\/?attachment_id=3268\"><img loading=\"lazy\" src=\"http:\/\/krotka.eu\/wp-content\/uploads\/2019\/06\/DSC_0233-1024x683.jpg\" alt=\"\" class=\"wp-image-3145\" width=\"1024\" height=\"683\" srcset=\"https:\/\/krotka.eu\/wp-content\/uploads\/2019\/06\/DSC_0233-1024x683.jpg 1024w, https:\/\/krotka.eu\/wp-content\/uploads\/2019\/06\/DSC_0233-300x200.jpg 300w, https:\/\/krotka.eu\/wp-content\/uploads\/2019\/06\/DSC_0233-768x512.jpg 768w, https:\/\/krotka.eu\/wp-content\/uploads\/2019\/06\/DSC_0233-1140x760.jpg 1140w, https:\/\/krotka.eu\/wp-content\/uploads\/2019\/06\/DSC_0233.jpg 1920w\" sizes=\"(max-width: 1024px) 100vw, 1024px\" \/><\/a><figcaption> <strong>2019.06.08-09 &#8211; M\u0142odziczki &#8211; IV Og\u00f3lnopolski Turniej w Mi\u0119dzyborowie<\/strong><\/figcaption><\/figure><\/div>\n\n\n\n<div class=\"wp-block-image\"><figure class=\"aligncenter is-resized\"><a href=\"http:\/\/krotka.eu\/?page_id=129\"><img loading=\"lazy\" src=\"http:\/\/krotka.eu\/wp-content\/uploads\/2019\/03\/DSC_0466-1024x683.jpg\" alt=\"\" class=\"wp-image-1140\" width=\"1024\" height=\"683\"\/><\/a><figcaption><strong>2019.02.16-17 &#8211; M\u0142odziczki &#8211; Turniej P\u00f3\u0142fina\u0142owy<\/strong><\/figcaption><\/figure><\/div>\n\n\n\n<div class=\"wp-block-image\"><figure class=\"aligncenter is-resized\"><a href=\"http:\/\/krotka.eu\/?page_id=1477\"><img loading=\"lazy\" src=\"http:\/\/krotka.eu\/wp-content\/uploads\/2019\/03\/DSC_0940-1024x683.jpg\" alt=\"\" class=\"wp-image-1437\" width=\"1024\" height=\"683\"\/><\/a><figcaption><strong>2019.01.19-20 &#8211; M\u0142odziczki &#8211; Turniej IV &#8211; Liga I<\/strong><\/figcaption><\/figure><\/div>\n\n\n\n<div class=\"wp-block-image\"><figure class=\"aligncenter is-resized\"><a href=\"http:\/\/krotka.eu\/?page_id=1596\"><img loading=\"lazy\" src=\"http:\/\/krotka.eu\/wp-content\/uploads\/2019\/03\/DSC_0854.jpg\" alt=\"\" class=\"wp-image-1593\" width=\"1024\" height=\"683\"\/><\/a><figcaption><strong>2019.01.05 &#8211; Seniorki &#8211; II Liga &#8211; runda 17.<\/strong><\/figcaption><\/figure><\/div>\n\n\n\n<div class=\"wp-block-image\"><figure class=\"aligncenter\"><a href=\"http:\/\/krotka.eu\/?page_id=1761\"><img loading=\"lazy\" width=\"1024\" height=\"767\" src=\"http:\/\/krotka.eu\/wp-content\/uploads\/2019\/04\/25-1024x767.jpg\" alt=\"\" class=\"wp-image-1767\" srcset=\"https:\/\/krotka.eu\/wp-content\/uploads\/2019\/04\/25-1024x767.jpg 1024w, https:\/\/krotka.eu\/wp-content\/uploads\/2019\/04\/25-300x225.jpg 300w, https:\/\/krotka.eu\/wp-content\/uploads\/2019\/04\/25-768x575.jpg 768w, https:\/\/krotka.eu\/wp-content\/uploads\/2019\/04\/25-1140x854.jpg 1140w, https:\/\/krotka.eu\/wp-content\/uploads\/2019\/04\/25.jpg 1439w\" sizes=\"(max-width: 1024px) 100vw, 1024px\" \/><\/a><figcaption><strong>2018.12.16 &#8211; Kadetki &#8211; Play-off<\/strong><\/figcaption><\/figure><\/div>\n\n\n\n<div class=\"wp-block-image\"><figure class=\"aligncenter\"><a href=\"http:\/\/krotka.eu\/?page_id=2011\"><img src=\"http:\/\/krotka.eu\/wp-content\/uploads\/2019\/04\/DSC_0893-1024x683.jpg\" alt=\"\" class=\"wp-image-2659\"\/><\/a><figcaption><strong>2018.10.27-28 &#8211; M\u0142odziczki &#8211; Turniej  I &#8211; Liga II<\/strong><\/figcaption><\/figure><\/div>\n\n\n\n<div class=\"wp-block-image\"><figure class=\"aligncenter\"><a href=\"http:\/\/krotka.eu\/?page_id=3012\"><img loading=\"lazy\" width=\"1024\" height=\"576\" src=\"http:\/\/krotka.eu\/wp-content\/uploads\/2019\/04\/F7E43844-85AC-41EE-9793-A51CFF6D7ED8-1024x576.jpeg\" alt=\"\" class=\"wp-image-3011\" srcset=\"https:\/\/krotka.eu\/wp-content\/uploads\/2019\/04\/F7E43844-85AC-41EE-9793-A51CFF6D7ED8-1024x576.jpeg 1024w, https:\/\/krotka.eu\/wp-content\/uploads\/2019\/04\/F7E43844-85AC-41EE-9793-A51CFF6D7ED8-300x169.jpeg 300w, https:\/\/krotka.eu\/wp-content\/uploads\/2019\/04\/F7E43844-85AC-41EE-9793-A51CFF6D7ED8-768x432.jpeg 768w, https:\/\/krotka.eu\/wp-content\/uploads\/2019\/04\/F7E43844-85AC-41EE-9793-A51CFF6D7ED8-1140x641.jpeg 1140w, https:\/\/krotka.eu\/wp-content\/uploads\/2019\/04\/F7E43844-85AC-41EE-9793-A51CFF6D7ED8.jpeg 1600w\" sizes=\"(max-width: 1024px) 100vw, 1024px\" \/><\/a><figcaption><strong>Minisiatk\u00f3wka &#8211; 2019<\/strong><\/figcaption><\/figure><\/div>\n\n\n\n<p><strong><br><\/strong><\/p>\n","protected":false},"excerpt":{"rendered":"","protected":false},"author":1,"featured_media":0,"parent":0,"menu_order":0,"comment_status":"closed","ping_status":"closed","template":"","meta":[],"_links":{"self":[{"href":"https:\/\/krotka.eu\/index.php?rest_route=\/wp\/v2\/pages\/167"}],"collection":[{"href":"https:\/\/krotka.eu\/index.php?rest_route=\/wp\/v2\/pages"}],"about":[{"href":"https:\/\/krotka.eu\/index.php?rest_route=\/wp\/v2\/types\/page"}],"author":[{"embeddable":true,"href":"https:\/\/krotka.eu\/index.php?rest_route=\/wp\/v2\/users\/1"}],"replies":[{"embeddable":true,"href":"https:\/\/krotka.eu\/index.php?rest_route=%2Fwp%2Fv2%2Fcomments&post=167"}],"version-history":[{"count":61,"href":"https:\/\/krotka.eu\/index.php?rest_route=\/wp\/v2\/pages\/167\/revisions"}],"predecessor-version":[{"id":3524,"href":"https:\/\/krotka.eu\/index.php?rest_route=\/wp\/v2\/pages\/167\/revisions\/3524"}],"wp:attachment":[{"href":"https:\/\/krotka.eu\/index.php?rest_route=%2Fwp%2Fv2%2Fmedia&parent=167"}],"curies":[{"name":"wp","href":"https:\/\/api.w.org\/{rel}","templated":true}]}}

<div class="wp-block-image"><figure class="aligncenter is-resized"><a href="http://krotka.eu/?page_id=3384"><img loading="lazy" src="http://krotka.eu/wp-content/uploads/2019/11/DSC_0706-1024x683.jpeg" alt="" class="wp-image-3333" width="1024" height="683" srcset="https://krotka.eu/wp-content/uploads/2019/11/DSC_0706-1024x683.jpeg 1024w, https://krotka.eu/wp-content/uploads/2019/11/DSC_0706-300x200.jpeg 300w, https://krotka.eu/wp-content/uploads/2019/11/DSC_0706-768x512.jpeg 768w, https://krotka.eu/wp-content/uploads/2019/11/DSC_0706-391x260.jpeg 391w, https://krotka.eu/wp-content/uploads/2019/11/DSC_0706-1140x761.jpeg 1140w, https://krotka.eu/wp-content/uploads/2019/11/DSC_0706.jpeg 1920w" sizes="(max-width: 1024px) 100vw, 1024px" /></a><figcaption><strong>Kadetki 2019 &#8211; Liga II A</strong></figcaption></figure></div>



<div class="wp-block-image"><figure class="aligncenter is-resized"><a href="http://krotka.eu/?attachment_id=3268"><img loading="lazy" src="http://krotka.eu/wp-content/uploads/2019/06/DSC_0233-1024x683.jpg" alt="" class="wp-image-3145" width="1024" height="683" srcset="https://krotka.eu/wp-content/uploads/2019/06/DSC_0233-1024x683.jpg 1024w, https://krotka.eu/wp-content/uploads/2019/06/DSC_0233-300x200.jpg 300w, https://krotka.eu/wp-content/uploads/2019/06/DSC_0233-768x512.jpg 768w, https://krotka.eu/wp-content/uploads/2019/06/DSC_0233-1140x760.jpg 1140w, https://krotka.eu/wp-content/uploads/2019/06/DSC_0233.jpg 1920w" sizes="(max-width: 1024px) 100vw, 1024px" /></a><figcaption> <strong>2019.06.08-09 &#8211; Młodziczki &#8211; IV Ogólnopolski Turniej w Międzyborowie</strong></figcaption></figure></div>



<div class="wp-block-image"><figure class="aligncenter is-resized"><a href="http://krotka.eu/?page_id=129"><img loading="lazy" src="http://krotka.eu/wp-content/uploads/2019/03/DSC_0466-1024x683.jpg" alt="" class="wp-image-1140" width="1024" height="683"/></a><figcaption><strong>2019.02.16-17 &#8211; Młodziczki &#8211; Turniej Półfinałowy</strong></figcaption></figure></div>



<div class="wp-block-image"><figure class="aligncenter is-resized"><a href="http://krotka.eu/?page_id=1477"><img loading="lazy" src="http://krotka.eu/wp-content/uploads/2019/03/DSC_0940-1024x683.jpg" alt="" class="wp-image-1437" width="1024" height="683"/></a><figcaption><strong>2019.01.19-20 &#8211; Młodziczki &#8211; Turniej IV &#8211; Liga I</strong></figcaption></figure></div>



<div class="wp-block-image"><figure class="aligncenter is-resized"><a href="http://krotka.eu/?page_id=1596"><img loading="lazy" src="http://krotka.eu/wp-content/uploads/2019/03/DSC_0854.jpg" alt="" class="wp-image-1593" width="1024" height="683"/></a><figcaption><strong>2019.01.05 &#8211; Seniorki &#8211; II Liga &#8211; runda 17.</strong></figcaption></figure></div>



<div class="wp-block-image"><figure class="aligncenter"><a href="http://krotka.eu/?page_id=1761"><img loading="lazy" width="1024" height="767" src="http://krotka.eu/wp-content/uploads/2019/04/25-1024x767.jpg" alt="" class="wp-image-1767" srcset="https://krotka.eu/wp-content/uploads/2019/04/25-1024x767.jpg 1024w, https://krotka.eu/wp-content/uploads/2019/04/25-300x225.jpg 300w, https://krotka.eu/wp-content/uploads/2019/04/25-768x575.jpg 768w, https://krotka.eu/wp-content/uploads/2019/04/25-1140x854.jpg 1140w, https://krotka.eu/wp-content/uploads/2019/04/25.jpg 1439w" sizes="(max-width: 1024px) 100vw, 1024px" /></a><figcaption><strong>2018.12.16 &#8211; Kadetki &#8211; Play-off</strong></figcaption></figure></div>



<div class="wp-block-image"><figure class="aligncenter"><a href="http://krotka.eu/?page_id=2011"><img src="http://krotka.eu/wp-content/uploads/2019/04/DSC_0893-1024x683.jpg" alt="" class="wp-image-2659"/></a><figcaption><strong>2018.10.27-28 &#8211; Młodziczki &#8211; Turniej  I &#8211; Liga II</strong></figcaption></figure></div>



<div class="wp-block-image"><figure class="aligncenter"><a href="http://krotka.eu/?page_id=3012"><img loading="lazy" width="1024" height="576" src="http://krotka.eu/wp-content/uploads/2019/04/F7E43844-85AC-41EE-9793-A51CFF6D7ED8-1024x576.jpeg" alt="" class="wp-image-3011" srcset="https://krotka.eu/wp-content/uploads/2019/04/F7E43844-85AC-41EE-9793-A51CFF6D7ED8-1024x576.jpeg 1024w, https://krotka.eu/wp-content/uploads/2019/04/F7E43844-85AC-41EE-9793-A51CFF6D7ED8-300x169.jpeg 300w, https://krotka.eu/wp-content/uploads/2019/04/F7E43844-85AC-41EE-9793-A51CFF6D7ED8-768x432.jpeg 768w, https://krotka.eu/wp-content/uploads/2019/04/F7E43844-85AC-41EE-9793-A51CFF6D7ED8-1140x641.jpeg 1140w, https://krotka.eu/wp-content/uploads/2019/04/F7E43844-85AC-41EE-9793-A51CFF6D7ED8.jpeg 1600w" sizes="(max-width: 1024px) 100vw, 1024px" /></a><figcaption><strong>Minisiatkówka &#8211; 2019</strong></figcaption></figure></div>



<p><strong><br></strong></p>
